{"id":2068,"date":"2022-10-31T09:36:17","date_gmt":"2022-10-31T08:36:17","guid":{"rendered":"https:\/\/sportoveotuzovanie.sk\/?page_id=2068"},"modified":"2022-10-31T09:36:17","modified_gmt":"2022-10-31T08:36:17","slug":"vysledky-slovenskeho-pohara-v-zimnom-plavani-2019-2020","status":"publish","type":"page","link":"https:\/\/sportoveotuzovanie.sk\/vysledky-slovenskeho-pohara-v-zimnom-plavani-2019-2020\/","title":{"rendered":"V\u00fdsledky Slovensk\u00e9ho poh\u00e1ra v zimnom pl\u00e1van\u00ed 2019\/2020"},"content":{"rendered":"<p><strong>V\u00fdsledky Slovensk\u00e9ho poh\u00e1ra v zimnom pl\u00e1van\u00ed 2019\/2020<\/strong><\/p>\n<p><a href=\"https:\/\/sportoveotuzovanie.sk\/wp-content\/uploads\/2022\/10\/SPvZP_2019_2020_body_po_5._kole.xlsx\">V\u00fdsledky SPvZP 2019\/2020 Body po 5. kole<\/a><\/p>\n<p><a href=\"https:\/\/sportoveotuzovanie.sk\/wp-content\/uploads\/2022\/10\/VS-2019-2020_po-5.kolach-1.xlsx\">Celkov\u00e9 v\u00fdsledky 2019\/2020<\/a><\/p>\n","protected":false},"excerpt":{"rendered":"<p>V\u00fdsledky Slovensk\u00e9ho poh\u00e1ra v zimnom pl\u00e1van\u00ed 2019\/2020 V\u00fdsledky SPvZP 2019\/2020 Body po 5. kole Celkov\u00e9 v\u00fdsledky 2019\/2020<\/p>\n","protected":false},"author":1,"featured_media":0,"parent":0,"menu_order":0,"comment_status":"closed","ping_status":"closed","template":"","meta":{"_crdt_document":"","footnotes":""},"class_list":["post-2068","page","type-page","status-publish","hentry"],"_links":{"self":[{"href":"https:\/\/sportoveotuzovanie.sk\/wp-json\/wp\/v2\/pages\/2068","targetHints":{"allow":["GET"]}}],"collection":[{"href":"https:\/\/sportoveotuzovanie.sk\/wp-json\/wp\/v2\/pages"}],"about":[{"href":"https:\/\/sportoveotuzovanie.sk\/wp-json\/wp\/v2\/types\/page"}],"author":[{"embeddable":true,"href":"https:\/\/sportoveotuzovanie.sk\/wp-json\/wp\/v2\/users\/1"}],"replies":[{"embeddable":true,"href":"https:\/\/sportoveotuzovanie.sk\/wp-json\/wp\/v2\/comments?post=2068"}],"version-history":[{"count":1,"href":"https:\/\/sportoveotuzovanie.sk\/wp-json\/wp\/v2\/pages\/2068\/revisions"}],"predecessor-version":[{"id":2069,"href":"https:\/\/sportoveotuzovanie.sk\/wp-json\/wp\/v2\/pages\/2068\/revisions\/2069"}],"wp:attachment":[{"href":"https:\/\/sportoveotuzovanie.sk\/wp-json\/wp\/v2\/media?parent=2068"}],"curies":[{"name":"wp","href":"https:\/\/api.w.org\/{rel}","templated":true}]}}